se 183 = 11*g - x*g. Let w = 4 - g. Is w prime?
False
Suppose 0 = 4*p + 2*k + 16974 - 57118, 0 = -4*p - 5*k + 40138. Is p prime?
True
Suppose -51*v = 77*v - 1261184. Is v a composite number?
True
Suppose -3*l + 0*l + 5*h = -32909, 32911 = 3*l - 4*h. Is l prime?
True
Suppose -5*r = -7*r - 4. Let y(d) = 608*d**2 - 2*d + 1. Is y(r) composite?
False
Let z(a) = 3*a - 19. Let r be z(8). Suppose 0*p = r*p + 690. Let t = p + 283. Is t a composite number?
True
Let f be (3/(-9))/((-7644)/2547 - -3). Suppose 69 = 3*b + u - 98, -5*b - 4*u + f = 0. Is b composite?
True
Let i be (-1)/((-3)/9*(-1)/(-4)). Is ((-2751)/i)/((-2)/8) prime?
False
Let n(s) = -s**3 + 12*s**2 - 11*s - 10. Let m be n(11). Let o = 10 + m. Suppose -2*t + o*t = -706. Is t a composite number?
False
Let f be 864/(-45) - (-1)/5. Let g = -19 - f. Suppose g*i = -4*i + 836. Is i a prime number?
False
Suppose j - 360 = 3*o, -j + 4*o + 362 = -0*j. Suppose -n + j = 5*l, n - 260 = 4*l + 139. Is n prime?
True
Let g(i) = i**3 + 17*i**2 - i - 14. Let q be g(-17). Is 1386/27 - 1/q a prime number?
False
Let c = 5942 - 1747. Is c a prime number?
False
Suppose 0 = r + 2*a - 311, -5*r - a + 318 = -1192. Is r a composite number?
True
Suppose 17*c = 13*c - 12612. Let g = 15 - 27. Is c/g - (-5)/20 composite?
False
Let d be (-16)/4*4629/(-12). Suppose t + d = 2*t. Is t prime?
True
Let k = 8 + -3. Suppose 0 = -k*s + 518 + 172. Let f = 295 - s. Is f composite?
False
Let h = -1097 + 2056. Is h prime?
False
Let i(o) be the second derivative of 35*o**3 - o**2/2 + 25*o. Is i(19) composite?
False
Let o be (192/(-9))/(2/(-12)). Suppose -s - 152 = 4*f + 3*s, 4*s - 121 = 3*f. Let j = o + f. Is j a prime number?
True
Let s(a) = -26*a**3 + 2*a**2 + 13. Is s(-7) prime?
True
Let q be 4 - -1 - (0 + 3). Suppose -q*a = a. Suppose 3*v - 5*m - 512 = a, 2 = -3*m - 1. Is v a prime number?
False
Suppose -11*b - 26828 = -15*b. Is b prime?
False
Let h(z) = -3*z**3 - 5*z**2 + 4*z + 17. Let v(y) = 10*y**3 + 14*y**2 - 11*y - 50. Let x(s) = 7*h(s) + 2*v(s). Is x(-9) composite?
False
Let p = -12703 + 30894. Is p composite?
False
Let i(t) = t**3 - 2*t**2 - 3*t. Let r be i(3). Let k(q) = q**2 - 9. Let o be k(-3). Suppose r = -o*m + 2*m - 66. Is m composite?
True
Suppose -204541 = -25*w + 104484. Is w a composite number?
True
Let w(p) = 23*p**2 - 2*p + 271. Is w(14) prime?
True
Suppose w = 4*w + 36. Let v(c) = 4*c - 19. Let l be v(4). Is (57 - w)*(-7)/l composite?
True
Let t be (-8301)/(-15) - (-10)/(-25). Let z = t + 546. Is z composite?
True
Suppose 5*c = c + 16. Let k be 0 + 1 + 2 + -1. Suppose 5*x = -2*g + 345, -k*g + c*x = g - 575. Is g a prime number?
False
Suppose 2*y - 4*o = 1645 + 1273, -y - 5*o + 1459 = 0. Suppose -1454*s + 1460*s = 18. Suppose -4*v + y = -n, v = -s*n - n + 369. Is v a prime number?
False
Let z = -5608 + 16661. Is z a prime number?
False
Suppose 3*v + 2*v = 20. Suppose -2*i - c = -5*i + 792, i - 253 = 4*c. Suppose j = -v*j + i. Is j composite?
False
Suppose 2*j + 1217 = -c, -6*j - 5*c - 2419 = -2*j. Suppose 4*l - 5*l + 272 = 0. Let u = l - j. Is u a composite number?
False
Let h = 4 + -1. Suppose g - d = 66 - 25, h*g = -d + 107. Is g a prime number?
True
Let u(m) be the first derivative of 193*m**2/2 - 14*m + 24. Is u(5) composite?
True
Let h(g) be the first derivative of g**4/2 + 7*g**3/3 - 4*g**2 + 5*g + 1. Is h(6) a composite number?
False
Suppose 3*n - 4073 = 5*k, 0 = 4*n - 4*k - 7754 + 2318. Is n a composite number?
False
Suppose 342*a - 3958 = 340*a. Is a composite?
False
Suppose -56 = -4*z - 3*z. Let f(r) = 186*r**2 + 6*r + 11. Is f(z) composite?
True
Let d be 8 - 8 - 582*3/6. Is 5/(-2 - 3)*d a composite number?
True
Let q(k) = k + 1. Let p(t) = -6*t - 6. Let r(b) = -4*p(b) - 22*q(b). Let x(u) = -2*u - 4. Let d be x(-5). Is r(d) a composite number?
True
Let j be (-2 + -1)*((-84)/9)/7. Suppose s = 4*s - 5*g - 556, -j*g - 197 = -s. Is s prime?
False
Let k = -5 - -12. Let t be 3 - ((-18)/12 + 6/4). Suppose -k*c = -4*c + t*i - 738, -i - 5 = 0. Is c a prime number?
True
Let a = -1960 + 8959. Is a prime?
False
Let x be (-8)/6*(-3)/2. Let f(d) = 2*d**2 - 2*d + 1. Let k be f(x). Suppose 3*t + 282 = k*t. Is t composite?
True
Let o(z) = -4*z - 6. Let q be o(-10). Is q - (-2)/4*6 prime?
True
Suppose -v = -3*p - 4 + 21, -3*p + 21 = -3*v. Suppose -p*r + 0*f + 32 = f, -10 = -3*r + 4*f. Suppose -2*a + 155 = -5*g + r*g, 4*g + 73 = a. Is a a prime number?
False
Suppose -3*y + 7*y - 31562 = -r, 0 = 4*y - r - 31566. Is y a composite number?
True
Let d = 4019 - 2742. Is d a prime number?
True
Let k = 58 - 55. Suppose -k*q + 4*q = 631. Is q a prime number?
True
Let s = 2721 - -257. Let d = s - 1875. Is d a prime number?
True
Suppose -4*c + 3 + 17 = 0. Suppose r = -c*w + 464, -3*w + 6*w + 1925 = 4*r. Is r composite?
False
Let k = -53 + 25. Is (-1)/((-8)/3658)*(-112)/k a composite number?
True
Suppose -2*q + 20868 = -12226. Is q composite?
False
Suppose 2*y - 7*i + 4*i = 385, 0 = 3*y + 4*i - 569. Is y composite?
False
Let g(d) = -6*d + 7. Let a(x) be the second derivative of x**5/20 + 2*x**4/3 + x**3/3 - x**2 - 9*x. Let m be a(-8). Is g(m) a composite number?
True
Let t(z) = 1867*z**2 - 19*z + 3. Is t(-2) prime?
False
Suppose 3*u + 9 = -2*y + 4*u, -y - 2*u + 8 = 0. Is (-2*(-3)/y)/((-3)/467) prime?
True
Let j be (-2)/(-4) + (2 - (-2)/(-4)). Suppose j*n - 1393 - 1125 = 0. Is n composite?
False
Suppose 3*j - 9*j = -12. Is 4/j + (-1239)/(-3) prime?
False
Suppose c + 3*f = -13, -4*f = -3*c - 3*f + 1. Is 0 + 736 + (-4)/(-2) - c composite?
False
Let a = 61 + -57. Suppose 0 = -4*c + a*l - 8*l + 9272, 5*c + l - 11586 = 0. Is c composite?
True
Suppose 7*n - 88148 = -2*c + 9*n, -4*n - 44065 = -c. Is c a prime number?
False
Let i = 18299 - 1968. Is i a composite number?
True
Suppose -7 = 2*t - 15. Let q(n) = 778*n - 21. Is q(t) a prime number?
False
Let o = -5063 + 7924. Is o composite?
False
Let c = 5 + 1. Let b = 10 - c. Suppose -a + b*a = 9. Is a composite?
False
Is (9 - 9/3 - 5) + 6417 prime?
False
Suppose -5*w = -10*w + 18325. Let t be 2/(-2) + (w - -4). Suppose 0 = -3*a - 2*k + 2751, 5*a - k = a + t. Is a prime?
False
Suppose -15 = -9*q + 6*q. Suppose 3*b - b + 6 = q*m, b = m. Suppose -46 = m*j - 456. Is j a prime number?
False
Suppose 31 + 41 = 4*p. Let h(b) = b**2 - 16*b - 31. Let f be h(p). Is (-18735)/75*f/(-1) a composite number?
False
Let i(f) = -f**2 + 7*f - 10. Let y be i(4). Let v be 2/((-1)/(2 + -150)). Is ((-1)/y)/((-4)/v) a composite number?
False
Suppose -4*w = 5*c + 5791, w + 1432 = -4*c + 8*c. Let q = w + 2545. Is q a composite number?
True
Let o(d) = -1045*d**3 - 4*d**2 + 10*d + 17. Is o(-3) composite?
True
Let h be (-16)/(-3) - 12/9. Suppose h*n - 2711 = -4*z + 5*n, z - 684 = -n. Is z a composite number?
True
Suppose -2*z - 2*o = -20068, 3*o = 3*z - 0*o - 30132. Suppose 7407 = -4*u + f - 2662, -4*u = 5*f + z. Is (-2)/6 - u/6 composite?
False
Suppose -3541 = 326*i - 327*i. Is i composite?
False
Let r(d) be the third derivative of -1/12*d**4 + 19/60*d**6 + 0*d + 1/2*d**3 + 0 - 5*d**2 + 0*d**5. Is r(2) a prime number?
False
Suppose 0 = -4*i - g + 33033 - 5404, -4*i = -4*g - 27624. Is i a prime number?
True
Let n(y) = 42*y**2 - 46*y + 29. Is n(14) a prime number?
False
Suppose -2*s + 19862 = -2*d, 9931 = 2*s - s - 5*d. Is s a composite number?
False
Let h = 15 - 5. Suppose o = 2*x - h + 2, 4*x = -3*o + 26. Suppose 44 = p - 5*l, o*p - 5*l - 65 = 48. Is p prime?
False
Suppose -5*g + 24482 = -g + 5*x, -3*g + 5*x = -18344. Suppose -1858 = 4*a - 4*y - g, 2*y + 8 = 0. Is a composite?
False
Let o(c) = 7*c + 6. Let y be o(-5). Let s = -24 - y. Is 563/s + 14/35 prime?
True
Let y be 1 + 0 - (8/8 - 61). Let h = 232 + y. Is h a prime number?
True
Let a = 2173 + -1059. Let h = 0 + 4. Is 12/(-8) + a/h a composite number?
False
Suppose -26*k = -22*k - 3652. Is k a prime number?
False
Let s be (-5 + 4 - 1)*-2. Suppose -2*g - 554 = -s*g. Is g a prime number?
True
Suppose -2*l = -4*l + 6. Let q(w) = w**3 + 12*w**2 + 19*w - 5. Let f be q(-10). Suppose -59 = l*x - 3*b - 203, -f*b = 25. Is x prime?
True
Suppose -3*a = 2*a. Suppose -3*b + d + 13 = a, -7*d + 4*d - 12 = 0. Is -1 - (-2 - (83 + b)) a composite number?
True
Suppose -4*j + i = -2*i - 32495, -j - i + 8122 = 0. Is j composite?
False
Let o(a) be the second derivative of a**4 + 5*a*